{"id":975,"date":"2015-05-29T09:16:52","date_gmt":"2015-05-29T07:16:52","guid":{"rendered":"http:\/\/lions.teamdb.de\/?page_id=975"},"modified":"2021-11-19T09:42:09","modified_gmt":"2021-11-19T08:42:09","slug":"historie","status":"publish","type":"page","link":"https:\/\/lions-club-langenhagen.de\/?page_id=975","title":{"rendered":"Historie"},"content":{"rendered":"<div class=\"cnt-pages\">\n<div class=\"text\">\n<h4>Der Beginn, die Welt ein St\u00fcck besser zu machen<\/h4>\n<p>Die Internationale Vereinigung der Lions Clubs war zun\u00e4chst nichts als ein Traum von Melvin Jones, einem Gesch\u00e4ftsmann aus Chicago. Er war der \u00dcberzeugung, dass Business-Clubs ihren Horizont \u00fcber rein gesch\u00e4ftliche Belange hinaus erweitern und sich f\u00fcr ein besseres kommunales Zusammenleben und eine bessere Welt einsetzen sollten.<\/p>\n<h4>Seit 1917 mit hohen ethischen Grunds\u00e4tzen<\/h4>\n<p>Jones&#39; Business-Club, der Business Circle of Chicago, sah das genauso. Nachdem er zu gleich gesinnten Gruppen in den USA Kontakt aufgenommen hatte, fand am 7. Juni 1917 in Chicago das Gr\u00fcndungstreffen statt. Der neue Club nahm den Namen einer der eingeladenen Gruppen, der \u201eAssociation of Lions Clubs\u201c, an. Im Oktober 1917 fand in Dallas der erste nationale Kongress statt, bei dem eine Satzung verabschiedet sowie Zusatzbestimmungen, Ziele und ethische Grunds\u00e4tze festgelegt wurden.<\/p>\n<p>Melvin Jones hatte auch die Idee, die neue Organisation, 1919 auf einem eigens einberufenen Kongress gegr\u00fcndet, \u201eLions\u201c (L\u00f6wen) zu nennen.&nbsp;Er war \u00fcberzeugt, da\u00df der L\u00f6we Symbol ist f\u00fcr St\u00e4rke, Mut, Treue und Lebenskraft. Symbolkraft hat auch die Bedeutung der einzelnen Buchstaben des Wortes L-I-O-N-S: Liberty, Intelligence, Our Nation&#8217;s Safety\u201c (Liberalit\u00e4t, Intelligenz und die Sicherheit unserer Nation).<\/p>\n<p>Einer der Grunds\u00e4tze der Anfangsjahre lautete: \u201eKein Club soll die finanzielle Bereicherung seiner Mitglieder zum Ziel haben.\u201c Dieses Streben nach gemeinn\u00fctziger Arbeit ist bis heute einer der wichtigsten Grunds\u00e4tze der Vereinigung. In den 50er- und 60er-Jahren entstanden dann weltweit mehr und mehr Clubs, insbesondere in Europa, Asien und Afrika.<\/p>\n<h4>Seit 1945 beratend f\u00fcr die UNO t\u00e4tig<\/h4>\n<p>Im Jahr 1945 unterst\u00fctzte Lions Clubs International (LCI) die UNO beim Aufbau der Abteilung f\u00fcr NGOs (Nichtregierungsorganisationen). LCI hat mittlerweile eine gro\u00dfe internationale Bedeutung erlangt und ist beratend f\u00fcr die UNO t\u00e4tig.<\/p>\n<p>Inzwischen hat LCI ca. 1,4 Million Mitglieder, die in rund 46.000 Clubs in mehr als 200 L\u00e4ndern und Regionen aktiv sind. In Deutschland gibt es etwa 1.500 Lions Clubs mit rund 51.000 Mitgliedern und ca. 181 Leo Clubs mit 3.097 jungen Aktiven.<\/p>\n<p>Diese eindrucksvolle Erfolgsgeschichte vollendete im Jahr 2017 ihre ersten 100 Jahre.<\/p>\n<\/div>\n<\/div>\n","protected":false},"excerpt":{"rendered":"<p>Der Beginn, die Welt ein St\u00fcck besser zu machen Die Internationale Vereinigung der Lions Clubs war zun\u00e4chst nichts als ein Traum von Melvin Jones, einem Gesch\u00e4ftsmann aus Chicago. Er war&#8230;<\/p>\n<p><a class='more-link' href='https:\/\/lions-club-langenhagen.de\/?page_id=975'>Weiterlesen <span class='screen-reader-text'>Historie<\/span><\/a><\/p>","protected":false},"author":3,"featured_media":0,"parent":0,"menu_order":0,"comment_status":"closed","ping_status":"open","template":"","meta":[],"_links":{"self":[{"href":"https:\/\/lions-club-langenhagen.de\/index.php?rest_route=\/wp\/v2\/pages\/975"}],"collection":[{"href":"https:\/\/lions-club-langenhagen.de\/index.php?rest_route=\/wp\/v2\/pages"}],"about":[{"href":"https:\/\/lions-club-langenhagen.de\/index.php?rest_route=\/wp\/v2\/types\/page"}],"author":[{"embeddable":true,"href":"https:\/\/lions-club-langenhagen.de\/index.php?rest_route=\/wp\/v2\/users\/3"}],"replies":[{"embeddable":true,"href":"https:\/\/lions-club-langenhagen.de\/index.php?rest_route=%2Fwp%2Fv2%2Fcomments&post=975"}],"version-history":[{"count":6,"href":"https:\/\/lions-club-langenhagen.de\/index.php?rest_route=\/wp\/v2\/pages\/975\/revisions"}],"predecessor-version":[{"id":7479,"href":"https:\/\/lions-club-langenhagen.de\/index.php?rest_route=\/wp\/v2\/pages\/975\/revisions\/7479"}],"wp:attachment":[{"href":"https:\/\/lions-club-langenhagen.de\/index.php?rest_route=%2Fwp%2Fv2%2Fmedia&parent=975"}],"curies":[{"name":"wp","href":"https:\/\/api.w.org\/{rel}","templated":true}]}}